ded by 4.
0
Calculate the remainder when 2 is divided by (3 + 2)/((-10)/(-4)).
0
Suppose 2*v - 12 = -4. Suppose n - 8 = -v. Suppose -g + s = 2*g - 22, 4*g - 46 = -2*s. Calculate the remainder when g is divided by n.
1
Let q(i) = i**2 + 6*i + 15. What is the remainder when 31 is divided by q(-4)?
3
Suppose 0 = -2*z + 3*z - 28. Let w(q) = 10*q**2 - q - 1. What is the remainder when z is divided by w(-1)?
8
Let j(f) = 3*f**2 - 8*f - 8. Calculate the remainder when 64 is divided by j(5).
10
Suppose 138*m - 129*m - 225 = 0. What is the remainder when 222 is divided by m?
22
Let r(v) = v**2 - 5*v. Let k be r(5). Let c = 13 + k. What is the remainder when c is divided by 4?
1
Suppose -2*d + 2*k + 3*k = 13, 4*d - 2*k + 2 = 0. Let w be d/(-5) - (-1452)/10. Suppose w = 5*v - 0*v. What is the remainder when v is divided by 15?
14
Suppose -5*l = 4*t - 147, 56 = 5*t - 4*l - 97. Calculate the remainder when 130 is divided by t.
31
Suppose 25 = 2*h - 89. Calculate the remainder when h is divided by 12.
9
Let g(d) = -d**2 + 11*d + 11. Calculate the remainder when g(6) is divided by 15.
11
Let n(q) = -3*q + 2. Suppose 0*p + 44 = 2*p. What is the remainder when p is divided by n(-2)?
6
Let x(h) = -h**2 + 8*h - 3. Suppose 20 = 2*f - 5*y - 4, -8 = 2*y. What is the remainder when x(7) is divided by f?
0
Let p(j) = j**2 + 3*j**3 - 2*j**3 + 4*j**2 - 2*j**2. Let l(n) = 3*n - 2. What is the remainder when l(3) is divided by p(-2)?
3
Let r = 2 - 0. Let p = 2 + r. Suppose 4*x = -x + p*m + 108, 0 = 5*x - 3*m - 106. Calculate the remainder when x is divided by 7.
6
Suppose 0 = -2*a + 5 + 5. What is the remainder when 18 is divided by a?
3
Let o(v) = -v**3 + 14*v**2 + 18*v - 25. Let j = -4 - -7. Suppose k + 4*s = 62, -j*k = -5*s - 146 - 23. Calculate the remainder when k is divided by o(15).
18
Let f(h) = -2*h - 5. Suppose 4*n + 0*n - 48 = 0. Calculate the remainder when n is divided by f(-6).
5
Let g = 77 + -19. Calculate the remainder when g is divided by 15.
13
Let x(a) = -11 + 6 - a**2 + 0 + 10*a. Calculate the remainder when x(8) is divided by 3.
2
Let f = -27 + 91. Suppose 3*q - 5*s - 71 = 33, 116 = 4*q - s. Suppose 4*m = -p + 84, q = 2*m - 2*p + 6*p. Calculate the remainder when f is divided by m.
20
What is the remainder when 166 is divided by 6/(-14) - 1197/(-49)?
22
Suppose 272*x - 267*x - 10 = 0. Let q(h) = -5*h + 1 + 0*h**3 + h**3 + h**2 + 4*h. Calculate the remainder when x is divided by q(0).
0
Let i(p) = -2*p + 62. Let y(s) = -s**2 - 3*s. Let j be y(-3). What is the remainder when i(j) is divided by 21?
20
Let d(q) = q**3 + 6*q**2 - 5*q - 8. Suppose 16 + 2 = -3*j. Calculate the remainder when d(j) is divided by (-44)/(-6) - (-2)/3.
6
Let o(u) = 8*u**2 - 4*u + 2. Calculate the remainder when o(3) is divided by 32.
30
What is the remainder when 12/(-66) - (-554)/22 is divided by (-2)/(-4)*-1*-26?
12
Let b = 23 - 40. Let i = b - -35. What is the remainder when 33 is divided by i?
15
Let l = -6 - -8. Let v be 30/4*l - 2. What is the remainder when 22 is divided by (-4)/(-6)*(v - 1)?
6
Let o(w) = -4*w**3 + w**2 - 4*w + 3. Let g be o(2). Calculate the remainder when (-188)/(-14) - g/(-77) is divided by 7.
6
Suppose -6*a - 8 = -80. Calculate the remainder when 32 is divided by a.
8
Let m = 3 - -255. Suppose 2*b - 6*b + 16 = 0. Suppose 0 = -b*h + m - 62. What is the remainder when h is divided by 17?
15
Let i be 4/(-10) + 424/10. Let v = -27 + i. Let p(x) = x**2 + 3*x + 43. Calculate the remainder when p(0) is divided by v.
13
What is the remainder when 49 is divided by (-9)/(-6)*((-156)/9)/(-1)?
23
Let k = -107 + 156. Suppose -39 + 9 = -5*w. Let v = 23 - w. Calculate the remainder when k is divided by v.
15
Suppose 4*i + 5*l - 2*l - 96 = 0, 3*i + 4*l - 72 = 0. Let x = -8 + i. Let r = -41 - -87. What is the remainder when r is divided by x?
14
Suppose -35 - 37 = -4*n. Suppose 0*z = 2*z - n. What is the remainder when z is divided by (-1 + 3)/(2/5)?
4
What is the remainder when 82 is divided by 4/(-3)*2/((-4)/63)?
40
Suppose 5*m - 2*m - 45 = 0. Suppose -9 = -2*d - 2*y + m, -3*y = -5*d + 36. What is the remainder when d is divided by 3?
0
Let s = 19 - 4. Suppose 5*p = l + 214, l + 128 = 2*p + p. What is the remainder when p is divided by s?
13
Suppose 5*u - 3*k + 141 = 0, 5*u = -0*u - 4*k - 162. Calculate the remainder when 18 is divided by (-114)/(-10) - (-12)/u.
7
Let a(n) = 1 + 1 + 7*n - 11 - n**2 + n. What is the remainder when 8 is divided by a(6)?
2
Suppose 2*k - 23 = -4*t + t, 3*k - 27 = 3*t. Calculate the remainder when 29 is divided by k.
9
Let d = -44 + 67. Let k = d + -2. What is the remainder when 40 is divided by k?
19
Let c(q) = q**2 + q + 1. Let j be c(-3). Let r(b) = 0 - 2 + b + j. Calculate the remainder when 34 is divided by r(7).
10
Suppose -3*n + 53 + 4 = 0. Let c = 15 + -10. Suppose 16 = 3*j - c. Calculate the remainder when n is divided by j.
5
Let a(j) = j**3 + 9*j**2 - 3*j - 7. What is the remainder when a(-8) is divided by 28?
25
Let n(p) be the third derivative of -p**4/8 + 4*p**3/3 - 2*p**2. What is the remainder when n(-7) is divided by 10?
9
Let v = 7 - 4. Suppose 5*d + 126 = v*o - 0*d, -d - 44 = -o. Calculate the remainder when o is divided by 16.
15
Suppose -34 - 66 = 5*d. Suppose 2*a + 5*g + 65 = 4*a, 0 = -a - 3*g + 38. Let t = a + d. Calculate the remainder when 59 is divided by t.
14
Suppose 5*y + m - 70 = 0, 2*y - 5*y = 4*m - 25. What is the remainder when y is divided by 9?
6
Let a = 62 + -31. What is the remainder when a is divided by 8?
7
Let o(j) = -j**2 - 7*j. Let s be o(-7). Suppose 0 = -5*d + 4*f - f + 55, s = f. Calculate the remainder when d is divided by 4.
3
Let p = 204 + -115. What is the remainder when p is divided by 26?
11
Let s(k) = -k**2 + 7*k - 7. Let v be s(5). Suppose -c - 2*a + v = -43, a - 46 = -c. What is the remainder when c is divided by (-2)/((7/8)/(-7))?
14
Let l(u) = -u**2 - 2*u - 1. Let i be l(-2). Let g be (2/2)/(i/(-3)). Suppose -2*p = g*p - 10. Calculate the remainder when p is divided by 2.
0
Suppose 2*s + 2*s = 116. What is the remainder when 56 is divided by s?
27
Calculate the remainder when 30 is divided by ((-360)/(-25))/(-6)*-5.
6
Suppose k = -2*k + 63. What is the remainder when 82 is divided by k?
19
Let q(t) = t**3 - 6*t**2 - 12*t + 6. Let r be 10 - (1 - 0/2). Suppose 0 = m - 4 - r. What is the remainder when q(8) is divided by m?
12
Suppose 0 = -24*x + 12*x + 552. What is the remainder when 87 is divided by x?
41
Let k(m) = -m + 16. Let u(l) = -l**2 - 12*l + 7. Let q be u(-12). What is the remainder when 24 is divided by k(q)?
6
Suppose 4*u + 272 = 7*u - 4*k, -4*u - 3*k + 321 = 0. What is the remainder when u is divided by 18?
12
Suppose 0 = 6*k - 8*k - 8. What is the remainder when (((-516)/3)/k)/1 is divided by 16?
11
Let d = 68 - 44. What is the remainder when 47 is divided by d?
23
Suppose -2 = -3*p + 4, 0 = 4*s - 4*p + 188. Let g = s + 106. Calculate the remainder when g is divided by (-749)/(-35) + 4/(-10).
19
Calculate the remainder when (-6)/4*(-220)/6 is divided by (38/(-1))/(1 - 3).
17
Let d = 10 + -12. Let j = 7 - d. Calculate the remainder when 17 is divided by j.
8
Suppose 13*x - 6*x = 364. Calculate the remainder when x is divided by 18.
16
Let d = 140 + -36. What is the remainder when d is divided by 36?
32
Suppose 0 = -9*c + 4*c + 85. What is the remainder when 64 is divided by c?
13
Suppose -5*s = -5*c - 0 - 25, -9 = 3*s + 5*c. Let l(o) = -o**2 + 6*o - 2. Let f be l(6). Calculate the remainder when f - -2 - (-8)/4 is divided by s.
0
Suppose 3*c - 6 = 3. Let v(y) = -y**2 - 7*y - 4. Suppose -24 = 4*i - 0. Calculate the remainder when c is divided by v(i).
1
Let v(s) = s**3 - 8*s**2 + 2*s + 3. Let g be v(3). Let i be g/8 - (-2)/4. Let u = i - -7. Calculate the remainder when 4 is divided by u.
1
Suppose 0*a + a = 5. Suppose -3*w = -a*g + 4, w - 2*g + 1 = -1. Calculate the remainder when 7 is divided by w.
1
Suppose 2*m = -2*m. Suppose 0 = -m*c - c + 6. Let s = c + -3. What is the remainder when s is divided by 2?
1
Let g = -484 + 284. What is the remainder when (-2)/7 + g/(-14) is divided by 8?
6
Suppose -5 = -8*d + 3*d. Let i be 1/d + 0 + 3. What is the remainder when ((-2)/i)/((-1)/12) is divided by 4?
2
Suppose 4*q = -2*u - q + 147, 4*q = 4*u - 336. Calculate the remain